 l**5/20 - l**4/3 - l**2 + l. Let h be 38/10 + (-6 - 31/(-5)). Calculate z(h).
-2
Let i(j) be the second derivative of -j**6/120 + j**5/30 + 5*j**4/24 - j**3/3 - j**2 - 3*j. Let g(q) be the first derivative of i(q). What is g(3)?
4
Let r(z) = -4*z**3 + 7*z + 6. Let m(k) = -3*k**3 + k**2 + 7*k + 6. Let d(a) = -5*m(a) + 4*r(a). Determine d(-4).
6
Suppose -b - 5*q - 16 = 0, 0*q + q = -2*b - 5. Let t(y) = -y**2 + 2*y**3 + 0*y**3 - 11*y**3. Calculate t(b).
8
Let x(t) be the first derivative of -t**2/2 - 8*t + 3. Let f = 0 - 1. Let b be (-42)/9 + f/3. Give x(b).
-3
Let d(q) = -q**2 - 5*q + 10. Suppose 27 = -w - 8*g + 3*g, 4*w = -5*g - 48. Determine d(w).
-4
Let u(x) be the second derivative of -x**5/30 - x**4/24 + x**3/3 - x**2/2 + 4*x. Let l(g) be the first derivative of u(g). Give l(-2).
-4
Let t(g) = 1 + 3 - 9*g - 3. Give t(1).
-8
Let o(t) = 2*t + 5. Let g be o(-3). Let n be ((-12)/(-8))/(g/(-2)). Let f(i) = 3*i - 3. Calculate f(n).
6
Suppose -3*t + 30 = -2*n - n, 2*n = -2*t. Let h = -8 + 12. Let v(q) = -5*q**2 + 4*q**3 + 3*q - 3*q**3 - h*q + 7. What is v(t)?
2
Let r(p) = p**3 + 5*p**2 + 5*p + 2. Suppose -13 = -3*q + 5*g, -5*q - 6*g + 2*g = 40. Determine r(q).
-2
Let b(j) = -j**3 - 1 + 4 - 5*j + 8 - 6*j**2 - 7. Suppose 0*k - 5*d - 25 = 5*k, -4*k + 5*d - 11 = 0. Give b(k).
-8
Suppose -19 = 4*h + p, 5*h + 7 = 5*p + 2. Let u(a) = a**3 - a**2 + a - 1. Let g(i) = -3*i**3 - 3*i**2 - 7*i - 1. Let m(z) = g(z) + 2*u(z). What is m(h)?
1
Let t(v) = -5*v**2 + 5*v + 8. Let l(m) = -m**2 + 1. Let a(c) = -6*l(c) + t(c). Calculate a(-6).
8
Let y(r) = -2*r - 6. Let i be (((-12)/(-2))/(-2))/(-1). Let w(h) = h + 7. Let v(n) = i*w(n) + 4*y(n). Calculate v(-3).
12
Let s(c) = -c + 3. Let y(j) = -j**2 + 2*j - 1. Let f be y(4). Let o be 3/f - (-40)/12. What is s(o)?
0
Let c(b) be the first derivative of -2*b**3/3 + b**2/2 - b + 11. Let m(n) = n. Let g be m(2). What is c(g)?
-7
Let z(g) = -g. Let k be z(-5). Let w(j) = 1. Let i(h) be the third derivative of h**4/12 - 2*h**3/3 + 3*h**2. Let y(p) = i(p) - w(p). Give y(k).
5
Let h(j) = -j**3 + 4*j**2 - 4*j + 4. Let o(r) = r**3 + 6*r**2 - r + 3. Let m be o(-6). Suppose t = -2*t + m. Give h(t).
1
Suppose h = 1 + 5. Let j(o) = -o**3 + 5*o**2 + 7*o - 2. Let u be j(h). Let r(g) = -1 + g**2 + 2*g + 2*g**2 + 4 - g**3. Calculate r(u).
-5
Let x(o) be the second derivative of o**4/12 + 11*o**3/6 - 2*o**2 - 4*o. Determine x(-11).
-4
Suppose 0 = -0*h + h - v - 5, h + 7 = -5*v. Suppose -h*g + 20 = -g. Suppose -k + 5 = -2*r, -r + 3*k - g - 5 = 0. Let n(t) = t + 3. What is n(r)?
3
Let q = 19 + -22. Let k(d) = 2*d + 3. Give k(q).
-3
Let m(r) = -r**3 + r - 6. Suppose 3*h - p - 21 = 0, 5*p = 4*h + h - 25. Let s be h/(-36) - (-4)/18. What is m(s)?
-6
Let x(w) = w + 2 + 3 + 3 - 4. Suppose 0*n + 3*p - 23 = -n, -16 = -2*n + 4*p. Suppose 4*f + 2 = n. Calculate x(f).
7
Suppose u - 2 = 4. Let b(w) = -2*w**3 + 5 - 3 + w**3 + 4 + u*w**2 - 7*w. Determine b(5).
-4
Let b(n) = 11*n - 13. Suppose -3*x + 2 = -7. Let g(q) = -5*q + 6. Let m(s) = x*b(s) + 7*g(s). What is m(2)?
-1
Let r = 0 + 5. Let i(f) = -3 + 6*f + 1 - r - f**2 - 2. Give i(6).
-9
Let c be (-6)/(-12) + 2/4. Let g(h) = -3 + h**2 - 13*h + c + 0*h**2 + 12*h. Let t be (-4)/6*2*-3. Calculate g(t).
10
Let r(j) = -j**2 - 2*j + 3. Suppose 9*g = 8*g - 4. Determine r(g).
-5
Let n(j) = -j - 10*j + 8*j**2 - 3*j**2 + 10*j. Calculate n(-2).
22
Let d = -41 + 43. Let r(t) be the second derivative of -1/4*t**4 - 1/20*t**5 + 0 + 1/2*t**3 + d*t - t**2. Calculate r(-4).
2
Let v(y) = 7*y**3 + 5*y**2 + y - 6. Let b(a) = -20*a**3 - 15*a**2 - 3*a + 18. Let o(x) = 6*b(x) + 17*v(x). Give o(-5).
11
Let l(r) = -r**2 + 5*r + 1. Suppose 0 = -5*j - 0*j - 60. Let w be 12*((-4)/j)/1. What is l(w)?
5
Let z(p) = 4 + 0 + 16*p**2 - p**3 - 4*p - 21*p**2. Suppose 5*q + 36 = 16. Calculate z(q).
4
Let x be 6 + -6 + 3 - 3. Suppose -5*f + 3*n = n + 37, x = -f + n - 8. Let w(v) = -v**2 - 6*v + 2. Determine w(f).
-5
Let l(w) = 36*w**3 + 4*w**2 - 23*w**3 - 3 - 14*w**3 - 2*w. What is l(3)?
0
Let j(c) = -c**3 + 4*c**2 + 3*c + 1. Suppose -57*l = -59*l + 10. Calculate j(l).
-9
Let b(u) = u**2 + 7*u - 9. Suppose -3*t - t - 32 = 0. Let z be b(t). Let o = -6 - z. Let q(k) = -k - 7. Calculate q(o).
-2
Let v = -29 - -32. Let o(k) be the first derivative of k**4/24 - k**3/3 - k**2/2 + 1. Let i(w) be the second derivative of o(w). Give i(v).
1
Let t(h) = h + 2. Suppose 5*v + 5*g = -15, 6*v = 3*v + 4*g + 19. Suppose -5*y = -2*z - 0 - 2, -4*y = -2*z. Suppose -z = -x - v. Give t(x).
5
Let x(f) be the third derivative of f**8/20160 - f**7/1260 - f**6/720 + f**5/12 - 6*f**2. Let d(j) be the third derivative of x(j). Give d(4).
-1
Let d(p) be the third derivative of p**9/6720 - p**8/20160 + p**7/5040 - p**6/720 + p**5/60 + p**2. Let k(a) be the third derivative of d(a). Calculate k(1).
8
Let k = -58 + 56. Let i = -1 + 2. Let y(a) = -2 - 5*a + 2*a**2 + a**3 + 2*a + i. Determine y(k).
5
Let n(j) = 7*j + 1. Let w(m) = -3*m**3 + 12*m**2 + m - 5. Let h be w(4). Determine n(h).
-6
Let h(c) = -c**3 + c**2 - c + 1. Let j(y) = -3*y**3 + 4*y**2 - 2*y + 4. Let t(z) = 4*h(z) - j(z). Let n(v) be the second derivative of t(v). Determine n(1).
-6
Let n(a) = 17*a**3 - 2*a**2 + 1. Suppose 0 + 2 = -2*c, 3*s = -3*c. Give n(s).
16
Let w(o) = 4*o + 1. Let g = 18 + -16. Give w(g).
9
Let n(k) = -k**2 - 12*k - 10. Let h be n(-9). Suppose -h*f + 16*f = -2. Let g(v) = -2*v**3 + 3*v**2 - 3*v + 3. Determine g(f).
-7
Let v(g) = -3*g + 7. Suppose -u - 25 = 4*u. Let d(h) = h - 1. Let r(y) = u*d(y) - v(y). Suppose 4*i + 0*q + 7 = 3*q, 2*i = 2*q - 2. Give r(i).
6
Let r(m) be the first derivative of m**6/360 + m**5/24 - m**4/12 - m**3/3 - 1. Let v(j) be the third derivative of r(j). Let n be 25/15 - 60/9. Calculate v(n).
-2
Let h(i) be the second derivative of -i**6/120 - i**5/10 - i**4/6 + 5*i**3/6 - 5*i**2/2 + i. Let q(f) be the first derivative of h(f). Determine q(-4).
-11
Let x(g) = g + 6. Let c(a) = 2*a**2 + 31*a - 22. Let d be c(-16). What is x(d)?
0
Suppose 0 = -w + 2*z - 5, -3*w = 2*w - z - 20. Let y(o) = -4*o + o**2 - w + o**2 + 4*o**2 - 5*o**2. Calculate y(4).
-5
Suppose 4*u + 12 = -2*j, 5*u + 22 = -0*j + j. Let r(y) = -y**3 + 2*y**2 + 3. Let f(x) = x. Let v(a) = -2*f(a) + r(a). Give v(j).
-1
Let m = -28 - -31. Let g(o) be the first derivative of -2 + 1/2*o**2 - m*o. Give g(0).
-3
Let q(i) = -i**3 + 2*i**2 - 2*i - 1. Let y(z) be the first derivative of -z**4/4 - z**2/2 - z + 4. Let b(p) = -q(p) + 2*y(p). Determine b(-2).
-1
Let t(u) = u**2 + 7*u - 6. Let o be (-4)/(5/(15/2)). Give t(o).
-12
Let w(a) = 2*a**2 + 3*a + 2. Let b be (-1 - -1) + -1 - -3. Let x be 1 - ((7 - b) + -2). Give w(x).
4
Let o(j) = j**3 + 9*j**2 - 2*j - 13. Suppose -y = -a - 12, -2*y - 2 - 19 = 3*a. Calculate o(a).
5
Let a(y) = 5*y**3 - 10*y**2 + 2*y + 13. Let i(w) = 4*w**3 - 9*w**2 + w + 12. Let d(c) = 3*a(c) - 4*i(c). Suppose h - 14 = l - 4*h, 2*l = 5*h - 8. What is d(l)?
3
Let v = -7 + 5. Let o be 1/4*v*6. Let c(p) = -6*p + 1. Let m(a) = a. Let j(k) = -3*c(k) - 21*m(k). Determine j(o).
6
Let x(i) be the third derivative of i**7/504 - i**6/720 - i**4/12 - 3*i**2. Let z(w) be the second derivative of x(w). Calculate z(1).
4
Let l(v) be the first derivative of -v**4/4 - v**3/3 + 3*v + 43. Give l(0).
3
Suppose 4*q - 3*q = -5. Let d(r) = r**3 + 4*r**2 - 4*r - 1. Calculate d(q).
-6
Let y be (-8)/(-5) + 4/10. Let b(h) be the second derivative of h**4/3 - h**3/3 + h**2 + 29*h. Calculate b(y).
14
Let t(f) be the third derivative of -f**6/30 - 25*f**2. What is t(1)?
-4
Let j(u) = 13*u**2 - 16*u - 29. Let x(h) = 3*h**2 - 4*h - 7. Let d(c) = 2*j(c) - 9*x(c). Calculate d(4).
5
Suppose -4*i + 15 = -9. Let w(x) = x + 6 - i + 7. Let b(g) = g**3 + 5*g**2 + 3*g - 4. Let q be b(-4). What is w(q)?
7
Let q = 1 - -1. Let s be ((-3)/(-3))/(q/(-6)). Let k(u) = u - 2. Calculate k(s).
-5
Let i(s) = 0 + 2*s - s + 1. Let z be (-33)/11*(0 - (-2)/2). Determine i(z).
-2
Let j(p) = -p**2 + 7*p - 4. Suppose 5*r + l - 32 = 0, -48 = -3*r + 3*l - 18. Calculate j(r).
-4
Let c(w) = 81 - 92 - w + 0*w. Suppose 4*m - g + 44 - 16 = 0, -4*m = -2*g + 32. What is c(m)?
-5
Let q(u) = 3*u - 3. Let x(i) be the first derivative of i**2/2 + 13*i - 1. Let w be x(-9). Suppose w*h - 6 = h. Determine q(h).
3
Let n(y) be the second derivative of 2*y + 0 +